{"id":30,"date":"2015-10-12T07:20:02","date_gmt":"2015-10-12T07:20:02","guid":{"rendered":"http:\/\/metallinnung-gt.de\/web\/?page_id=30"},"modified":"2021-02-10T09:58:40","modified_gmt":"2021-02-10T09:58:40","slug":"berufsfelderkundung","status":"publish","type":"page","link":"https:\/\/metallinnung-gt.de\/web\/berufsfelderkundung\/","title":{"rendered":"Berufsfelderkundung"},"content":{"rendered":"<p>Ziel der Landesinitiative \u201eKein Abschluss ohne Anschluss KAoA\u201c ist es, Sch\u00fclerinnen und Sch\u00fcler gezielt auf den Start in das Berufsleben vorzubereiten. Sie sollen einen Einblick in die Berufswelt bekommen und im Rahmen der sog. Berufsfelderkundung Arbeitsabl\u00e4ufe sowie verschiedene berufliche T\u00e4tigkeiten praxisnah kennenlernen. Die Berufsfelderkundung ist f\u00fcr alle Sch\u00fcler\/innen des 8. Jahrgangs in allen allgemeinbildenden Schulen vorgesehen. Insgesamt sollen drei eint\u00e4gige Berufsfelderkundungen in unterschiedlichen Berufsfeldern stattfinden. Davon profitieren beide Seiten. Die Sch\u00fclerinnen und Sch\u00fcler haben dadurch die M\u00f6glichkeit, sich einen intensiven Eindruck vom Berufsalltag im entsprechenden Betrieb zu verschaffen. F\u00fcr die Unternehmen bietet sich die Chance, interessierte Jugendliche kennenzulernen und sie \u00fcber die Praktikums-\/Ausbildungspl\u00e4tze und die Berufschancen im eigenen Unternehmen informieren zu k\u00f6nnen.<\/p>\n<p><strong>Weitere Infos zum Thema:<\/strong><\/p>\n<p><span style=\"color: #ff0000;\"><a style=\"color: #ff0000;\" href=\"https:\/\/metallinnung-gt.de\/web\/download\/GIB-Info-Artikel-Attraktivitaetssteigerung-der-dualen-Ausbildung-im-Kreis-Guetersloh.pdf\" target=\"_blank\" rel=\"noopener noreferrer\">G. I. B. Info-Artikel:\u00a0 Attraktivit\u00e4tssteigerung der dualen Ausbildung im Kreis G\u00fctersloh<\/a><\/span><\/p>\n<p><span style=\"color: #ff0000;\"><a style=\"color: #ff0000;\" href=\"http:\/\/viskom.mdmphoto.de\/betas\/khgt_metall\/wp-content\/uploads\/2015\/09\/Handreichung-fur-Betriebe-Berufsfelderkund-ung-21.10.2014.pdf\">Handreichung f\u00fcr Betriebe Berufsfelderkundung<\/a><\/span><\/p>\n<p><a href=\"https:\/\/metallinnung-gt.de\/web\/download\/Flyer-Berufsfelderkundung_kl.pdf\"><span style=\"color: #ff0000;\">Infoflyer Berufsfelderkundung<\/span><\/a><\/p>\n<p><span style=\"color: #ff0000;\"><a style=\"color: #ff0000;\" href=\"https:\/\/www.kreis-guetersloh.de\/themen\/bildung\/koko\/termine-bfes-und-praktika\/\" target=\"_blank\" rel=\"noopener noreferrer\">Termine 2021<\/a><\/span><\/p>\n","protected":false},"excerpt":{"rendered":"<p>Ziel der Landesinitiative \u201eKein Abschluss ohne Anschluss KAoA\u201c ist es, Sch\u00fclerinnen und Sch\u00fcler gezielt auf den Start in das Berufsleben vorzubereiten. Sie sollen einen Einblick in die Berufswelt bekommen und im Rahmen der sog. Berufsfelderkundung Arbeitsabl\u00e4ufe sowie verschiedene berufliche T\u00e4tigkeiten praxisnah kennenlernen. Die Berufsfelderkundung ist f\u00fcr alle Sch\u00fcler\/innen des 8. Jahrgangs in allen allgemeinbildenden Schulen [&hellip;]<\/p>\n","protected":false},"author":1,"featured_media":0,"parent":0,"menu_order":0,"comment_status":"closed","ping_status":"closed","template":"","meta":{"footnotes":""},"class_list":["post-30","page","type-page","status-publish","hentry"],"_links":{"self":[{"href":"https:\/\/metallinnung-gt.de\/web\/wp-json\/wp\/v2\/pages\/30","targetHints":{"allow":["GET"]}}],"collection":[{"href":"https:\/\/metallinnung-gt.de\/web\/wp-json\/wp\/v2\/pages"}],"about":[{"href":"https:\/\/metallinnung-gt.de\/web\/wp-json\/wp\/v2\/types\/page"}],"author":[{"embeddable":true,"href":"https:\/\/metallinnung-gt.de\/web\/wp-json\/wp\/v2\/users\/1"}],"replies":[{"embeddable":true,"href":"https:\/\/metallinnung-gt.de\/web\/wp-json\/wp\/v2\/comments?post=30"}],"version-history":[{"count":10,"href":"https:\/\/metallinnung-gt.de\/web\/wp-json\/wp\/v2\/pages\/30\/revisions"}],"predecessor-version":[{"id":788,"href":"https:\/\/metallinnung-gt.de\/web\/wp-json\/wp\/v2\/pages\/30\/revisions\/788"}],"wp:attachment":[{"href":"https:\/\/metallinnung-gt.de\/web\/wp-json\/wp\/v2\/media?parent=30"}],"curies":[{"name":"wp","href":"https:\/\/api.w.org\/{rel}","templated":true}]}}